{"id":2739,"date":"2025-02-21T07:42:59","date_gmt":"2025-02-21T07:42:59","guid":{"rendered":"https:\/\/redvocesactivas.org\/?page_id=2739"},"modified":"2025-02-21T07:47:23","modified_gmt":"2025-02-21T07:47:23","slug":"conecta-tu-voz","status":"publish","type":"page","link":"https:\/\/redvocesactivas.org\/index.php\/conecta-tu-voz\/","title":{"rendered":"\u00a1Conecta t\u00fa voz!"},"content":{"rendered":"\t\t<div data-elementor-type=\"wp-page\" data-elementor-id=\"2739\" class=\"elementor elementor-2739\" data-elementor-post-type=\"page\">\n\t\t\t\t<div class=\"elementor-element elementor-element-09858e9 e-flex e-con-boxed e-con e-parent\" data-id=\"09858e9\" data-element_type=\"container\">\n\t\t\t\t\t<div class=\"e-con-inner\">\n\t\t<div class=\"elementor-element elementor-element-7352a93 e-con-full e-flex e-con e-child\" data-id=\"7352a93\" data-element_type=\"container\">\n\t\t\t\t<div class=\"elementor-element elementor-element-f76e16e elementor-widget elementor-widget-image\" data-id=\"f76e16e\" data-element_type=\"widget\" data-widget_type=\"image.default\">\n\t\t\t\t<div class=\"elementor-widget-container\">\n\t\t\t\t\t\t\t\t\t\t\t\t\t\t\t<img fetchpriority=\"high\" decoding=\"async\" width=\"692\" height=\"745\" src=\"https:\/\/redvocesactivas.org\/wp-content\/uploads\/2025\/02\/Diseno-sin-titulo-1.png\" class=\"attachment-large size-large wp-image-2569\" alt=\"\" srcset=\"https:\/\/redvocesactivas.org\/wp-content\/uploads\/2025\/02\/Diseno-sin-titulo-1.png 692w, https:\/\/redvocesactivas.org\/wp-content\/uploads\/2025\/02\/Diseno-sin-titulo-1-279x300.png 279w, https:\/\/redvocesactivas.org\/wp-content\/uploads\/2025\/02\/Diseno-sin-titulo-1-600x646.png 600w\" sizes=\"(max-width: 692px) 100vw, 692px\" \/>\t\t\t\t\t\t\t\t\t\t\t\t\t\t\t<\/div>\n\t\t\t\t<\/div>\n\t\t\t\t<\/div>\n\t\t<div class=\"elementor-element elementor-element-c142f37 e-con-full e-flex e-con e-child\" data-id=\"c142f37\" data-element_type=\"container\">\n\t\t\t\t<div class=\"elementor-element elementor-element-45cdf4b elementor-widget elementor-widget-heading\" data-id=\"45cdf4b\" data-element_type=\"widget\" data-widget_type=\"heading.default\">\n\t\t\t\t<div class=\"elementor-widget-container\">\n\t\t\t\t\t<h2 class=\"elementor-heading-title elementor-size-default\">Conecta tu voz con la de otr@s j\u00f3venes<\/h2>\t\t\t\t<\/div>\n\t\t\t\t<\/div>\n\t\t\t\t<\/div>\n\t\t\t\t\t<\/div>\n\t\t\t\t<\/div>\n\t\t<div class=\"elementor-element elementor-element-2adda9f e-flex e-con-boxed e-con e-parent\" data-id=\"2adda9f\" data-element_type=\"container\">\n\t\t\t\t\t<div class=\"e-con-inner\">\n\t\t\t\t<div class=\"elementor-element elementor-element-07a5533 elementor-widget elementor-widget-eael-adv-tabs\" data-id=\"07a5533\" data-element_type=\"widget\" data-widget_type=\"eael-adv-tabs.default\">\n\t\t\t\t<div class=\"elementor-widget-container\">\n\t\t\t\t\t        <div data-scroll-on-click=\"no\" data-scroll-speed=\"300\" id=\"eael-advance-tabs-07a5533\" class=\"eael-advance-tabs eael-tabs-vertical eael-tab-auto-active \" data-tabid=\"07a5533\">\n            <div class=\"eael-tabs-nav \">\n                <ul class=\"\" role=\"tablist\">\n                                            <li id=\"articulacin-y-participacin\" class=\"inactive eael-tab-item-trigger eael-tab-nav-item\" aria-selected=\"true\" data-tab=\"1\" role=\"tab\" tabindex=\"0\" aria-controls=\"articulacin-y-participacin-tab\" aria-expanded=\"false\">\n                            \n                            \n                            \n                                                            <span class=\"eael-tab-title title-after-icon\" >Articulaci\u00f3n y Participaci\u00f3n<\/span>                                                    <\/li>\n                                            <li id=\"formacin-y-desarrollo-juvenil\" class=\"inactive eael-tab-item-trigger eael-tab-nav-item\" aria-selected=\"false\" data-tab=\"2\" role=\"tab\" tabindex=\"-1\" aria-controls=\"formacin-y-desarrollo-juvenil-tab\" aria-expanded=\"false\">\n                            \n                            \n                            \n                                                            <span class=\"eael-tab-title title-after-icon\" >Formaci\u00f3n y Desarrollo Juvenil<\/span>                                                    <\/li>\n                                            <li id=\"iniciativas-sociales-y-comunitarias\" class=\"inactive eael-tab-item-trigger eael-tab-nav-item\" aria-selected=\"false\" data-tab=\"3\" role=\"tab\" tabindex=\"-1\" aria-controls=\"iniciativas-sociales-y-comunitarias-tab\" aria-expanded=\"false\">\n                            \n                            \n                            \n                                                            <span class=\"eael-tab-title title-after-icon\" >Iniciativas Sociales y Comunitarias<\/span>                                                    <\/li>\n                                            <li id=\"generacin-de-oportunidades\" class=\"inactive eael-tab-item-trigger eael-tab-nav-item\" aria-selected=\"false\" data-tab=\"4\" role=\"tab\" tabindex=\"-1\" aria-controls=\"generacin-de-oportunidades-tab\" aria-expanded=\"false\">\n                            \n                            \n                            \n                                                            <span class=\"eael-tab-title title-after-icon\" >Generaci\u00f3n de Oportunidades<\/span>                                                    <\/li>\n                    \n                                  <\/ul>\n            <\/div>\n            \n            <div class=\"eael-tabs-content\">\n\t\t        \n                    <div id=\"articulacin-y-participacin-tab\" class=\"clearfix eael-tab-content-item inactive\" data-title-link=\"articulacin-y-participacin-tab\">\n\t\t\t\t        <p>\u00a0<\/p><ul><li data-start=\"150\" data-end=\"359\"><strong data-start=\"152\" data-end=\"182\">Plataforma de articulaci\u00f3n<\/strong>: Aqu\u00ed es donde todos nos conectamos: j\u00f3venes como t\u00fa, organizaciones y l\u00edderes comunitarios. Juntos, trabajamos para que tu voz se escuche m\u00e1s fuerte y claro en la comunidad.<\/li><\/ul><p>\u00a0<\/p><ul><li data-start=\"360\" data-end=\"576\"><strong data-start=\"362\" data-end=\"413\">Creaci\u00f3n de espacios de di\u00e1logo y participaci\u00f3n<\/strong>: Organizamos foros, encuentros y conversatorios sobre los temas que m\u00e1s te interesan. Estos espacios son perfectos para que expreses tus ideas y escuches a otros.<\/li><\/ul>                    <\/div>\n\t\t        \n                    <div id=\"formacin-y-desarrollo-juvenil-tab\" class=\"clearfix eael-tab-content-item inactive\" data-title-link=\"formacin-y-desarrollo-juvenil-tab\">\n\t\t\t\t        <p>\u00a0<\/p><ul><li data-start=\"618\" data-end=\"833\"><strong data-start=\"620\" data-end=\"659\">Espacio de formaci\u00f3n y capacitaci\u00f3n<\/strong>: Te ofrecemos talleres y cursos sobre liderazgo, emprendimiento, c\u00f3mo conseguir empleo y tus derechos. Todo lo que necesitas saber para crecer personal y profesionalmente.<\/li><\/ul><p>\u00a0<\/p><ul><li data-start=\"834\" data-end=\"1051\"><strong data-start=\"836\" data-end=\"861\">Campamentos juveniles<\/strong>: \u00bfListo para la aventura? Nuestros campamentos no solo son divertidos sino tambi\u00e9n educativos. Aqu\u00ed fortalecer\u00e1s tus habilidades de liderazgo mientras convives y aprendes con otros j\u00f3venes.<\/li><\/ul>                    <\/div>\n\t\t        \n                    <div id=\"iniciativas-sociales-y-comunitarias-tab\" class=\"clearfix eael-tab-content-item inactive\" data-title-link=\"iniciativas-sociales-y-comunitarias-tab\">\n\t\t\t\t        <p>\u00a0<\/p><ul><li data-start=\"1098\" data-end=\"1328\"><strong data-start=\"1100\" data-end=\"1137\">Promoci\u00f3n de iniciativas sociales<\/strong>: Lanzamos campa\u00f1as para promover la igualdad de g\u00e9nero, la inclusi\u00f3n y el desarrollo sostenible. Son oportunidades para que te involucres en causas importantes y hagas una diferencia real.<\/li><\/ul><p>\u00a0<\/p><ul><li data-start=\"1329\" data-end=\"1525\"><strong data-start=\"1331\" data-end=\"1368\">Impulso de proyectos comunitarios<\/strong>: \u00bfQuieres ayudar? Apoyamos proyectos que mejoran el medio ambiente y la vida en la comunidad. \u00a1Ven y participa en voluntariados y proyectos que transforman!<\/li><\/ul>                    <\/div>\n\t\t        \n                    <div id=\"generacin-de-oportunidades-tab\" class=\"clearfix eael-tab-content-item inactive\" data-title-link=\"generacin-de-oportunidades-tab\">\n\t\t\t\t        <p>\u00a0<\/p><ul><li data-start=\"1564\" data-end=\"1766\"><strong data-start=\"1566\" data-end=\"1597\">Generaci\u00f3n de oportunidades<\/strong>: Te ayudamos a encontrar empleo y a conectarte con redes que te apoyar\u00e1n en tu desarrollo. Todo lo que necesitas para dar el siguiente paso hacia un futuro brillante.<\/li><\/ul><p>\u00a0<\/p><ul><li data-start=\"1767\" data-end=\"1922\"><strong data-start=\"1769\" data-end=\"1806\">Ferias de emprendimiento y empleo<\/strong>: Con\u00e9ctate con oportunidades laborales y de autoempleo. Estas ferias son tu puerta de entrada al mundo profesional.<\/li><\/ul>                    <\/div>\n\t\t                    <\/div>\n        <\/div>\n\t\t\t\t<\/div>\n\t\t\t\t<\/div>\n\t\t\t\t\t<\/div>\n\t\t\t\t<\/div>\n\t\t\t\t<\/div>\n\t\t","protected":false},"excerpt":{"rendered":"<p>Conecta tu voz con la de otr@s j\u00f3venes Articulaci\u00f3n y Participaci\u00f3n Formaci\u00f3n y Desarrollo Juvenil Iniciativas Sociales y Comunitarias Generaci\u00f3n de Oportunidades \u00a0Plataforma de articulaci\u00f3n: Aqu\u00ed es donde todos nos conectamos: j\u00f3venes como t\u00fa, organizaciones y l\u00edderes comunitarios. Juntos, trabajamos para que tu voz se escuche m\u00e1s fuerte y claro en la comunidad.\u00a0Creaci\u00f3n de espacios [&hellip;]<\/p>\n","protected":false},"author":28,"featured_media":0,"parent":0,"menu_order":0,"comment_status":"closed","ping_status":"closed","template":"elementor_header_footer","meta":{"om_disable_all_campaigns":false,"_monsterinsights_skip_tracking":false,"_monsterinsights_sitenote_active":false,"_monsterinsights_sitenote_note":"","_monsterinsights_sitenote_category":0,"footnotes":""},"class_list":["post-2739","page","type-page","status-publish","hentry"],"aioseo_notices":[],"rise-blocks_excerpt":"Conecta tu voz con la de otr@s j\u00f3venes Articulaci\u00f3n y Participaci\u00f3n Formaci\u00f3n y Desarrollo Juvenil Iniciativas Sociales y Comunitarias Generaci\u00f3n de Oportunidades \u00a0Plataforma de articulaci\u00f3n: Aqu\u00ed es donde todos nos conectamos: j\u00f3venes como t\u00fa, organizaciones y l\u00edderes comunitarios. Juntos, trabajamos para que tu voz se escuche m\u00e1s fuerte y claro en la comunidad.\u00a0Creaci\u00f3n de espacios de di\u00e1logo y participaci\u00f3n: Organizamos..","_links":{"self":[{"href":"https:\/\/redvocesactivas.org\/index.php\/wp-json\/wp\/v2\/pages\/2739","targetHints":{"allow":["GET"]}}],"collection":[{"href":"https:\/\/redvocesactivas.org\/index.php\/wp-json\/wp\/v2\/pages"}],"about":[{"href":"https:\/\/redvocesactivas.org\/index.php\/wp-json\/wp\/v2\/types\/page"}],"author":[{"embeddable":true,"href":"https:\/\/redvocesactivas.org\/index.php\/wp-json\/wp\/v2\/users\/28"}],"replies":[{"embeddable":true,"href":"https:\/\/redvocesactivas.org\/index.php\/wp-json\/wp\/v2\/comments?post=2739"}],"version-history":[{"count":4,"href":"https:\/\/redvocesactivas.org\/index.php\/wp-json\/wp\/v2\/pages\/2739\/revisions"}],"predecessor-version":[{"id":2743,"href":"https:\/\/redvocesactivas.org\/index.php\/wp-json\/wp\/v2\/pages\/2739\/revisions\/2743"}],"wp:attachment":[{"href":"https:\/\/redvocesactivas.org\/index.php\/wp-json\/wp\/v2\/media?parent=2739"}],"curies":[{"name":"wp","href":"https:\/\/api.w.org\/{rel}","templated":true}]}}